multiple of 73?
False
Does 15 divide 45?
True
Is 5848 a multiple of 86?
True
Is 73 a factor of 704?
False
Is 938 a multiple of 3?
False
Is 8 a factor of 1865?
False
Is 147 a factor of 48420?
False
Is 2806 a multiple of 41?
False
Is 8 a factor of 11456?
True
Is 1166 a multiple of 100?
False
Does 8 divide 2856?
True
Is 2914 a multiple of 31?
True
Is 191 a factor of 62266?
True
Is 41 a factor of 2152?
False
Is 31 a factor of 13508?
False
Is 50 a factor of 4386?
False
Is 4014 a multiple of 88?
False
Is 2016 a multiple of 24?
True
Is 3510 a multiple of 30?
True
Is 12 a factor of 8064?
True
Is 68 a factor of 3400?
True
Does 2 divide 5?
False
Is 25175 a multiple of 30?
False
Is 3 a factor of 1200?
True
Is 6021 a multiple of 44?
False
Is 13 a factor of 34723?
True
Does 10 divide 54045?
False
Does 17 divide 4658?
True
Is 43 a factor of 348?
False
Is 23 a factor of 2617?
False
Is 16 a factor of 20000?
True
Is 72 a factor of 3096?
True
Does 83 divide 2086?
False
Is 71 a factor of 760?
False
Does 10 divide 60?
True
Is 731 a multiple of 12?
False
Is 850 a multiple of 5?
True
Does 4 divide 136?
True
Is 26 a factor of 936?
True
Is 13144 a multiple of 45?
False
Does 21 divide 521?
False
Is 26934 a multiple of 201?
True
Is 25599 a multiple of 21?
True
Does 2 divide 28?
True
Is 1619 a multiple of 41?
False
Is 13200 a multiple of 14?
False
Is 1778 a multiple of 44?
False
Is 119 a factor of 952?
True
Is 53 a factor of 3604?
True
Is 10199 a multiple of 47?
True
Does 13 divide 31516?
False
Does 120 divide 4440?
True
Is 943 a multiple of 41?
True
Is 174 a factor of 5742?
True
Is 13 a factor of 53482?
True
Is 12 a factor of 1428?
True
Is 110 a factor of 49610?
True
Is 2891 a multiple of 49?
True
Is 4180 a multiple of 110?
True
Is 21624 a multiple of 204?
True
Does 23 divide 9071?
False
Does 9 divide 3591?
True
Does 60 divide 8720?
False
Does 9 divide 3384?
True
Does 27 divide 405?
True
Is 940 a multiple of 39?
False
Does 3 divide 4?
False
Is 10 a factor of 1250?
True
Is 8780 a multiple of 8?
False
Does 42 divide 588?
True
Is 4 a factor of 201?
False
Is 54 a factor of 1458?
True
Is 20384 a multiple of 28?
True
Does 12 divide 1115?
False
Does 15 divide 94020?
True
Does 315 divide 5914?
False
Is 5 a factor of 87?
False
Does 38 divide 304?
True
Is 239 a multiple of 5?
False
Is 4 a factor of 270?
False
Does 6 divide 19751?
False
Does 12 divide 2342?
False
Does 115 divide 6572?
False
Does 19 divide 12350?
True
Is 28848 a multiple of 8?
True
Does 130 divide 54700?
False
Does 12 divide 10272?
True
Is 4 a factor of 60?
True
Is 976 a multiple of 5?
False
Is 29 a factor of 609?
True
Is 7348 a multiple of 16?
False
Does 10 divide 8830?
True
Is 9 a factor of 357?
False
Is 7 a factor of 595?
True
Is 85 a factor of 43690?
True
Is 1170 a multiple of 65?
True
Is 13 a factor of 104?
True
Does 109 divide 52102?
True
Does 7 divide 5126?
False
Does 41 divide 1305?
False
Does 11 divide 11?
True
Is 11 a factor of 3107?
False
Does 20 divide 2120?
True
Is 28 a factor of 3245?
False
Is 9069 a multiple of 34?
False
Does 8 divide 284?
False
Is 26 a factor of 6604?
True
Is 44 a factor of 585?
False
Does 13 divide 273?
True
Does 21 divide 294?
True
Is 1862 a multiple of 19?
True
Is 32 a factor of 2336?
True
Does 25 divide 2625?
True
Is 2180 a multiple of 59?
False
Is 649 a multiple of 59?
True
Does 126 divide 12159?
False
Is 34 a factor of 2244?
True
Does 15 divide 443?
False
Does 4 divide 448?
True
Is 43 a multiple of 12?
False
Is 1422 a multiple of 10?
False
Is 29 a factor of 1537?
True
Is 21 a factor of 267?
False
Does 74 divide 1727?
False
Is 39 a factor of 507?
True
Is 635 a multiple of 5?
True
Does 21 divide 7379?
False
Is 9360 a multiple of 12?
True
Is 32064 a multiple of 96?
True
Does 54 divide 6333?
False
Does 20 divide 8505?
False
Is 19266 a multiple of 13?
True
Does 9 divide 47506?
False
Does 30 divide 540?
True
Does 11 divide 6084?
False
Is 10 a factor of 210?
True
Is 6 a factor of 2142?
True
Is 27800 a multiple of 40?
True
Is 12 a factor of 453?
False
Does 25 divide 1725?
True
Is 840 a multiple of 7?
True
Is 6093 a multiple of 42?
False
Is 4 a factor of 1319?
False
Is 146 a factor of 37341?
False
Is 6803 a multiple of 80?
False
Is 9852 a multiple of 21?
False
Is 127 a factor of 4040?
False
Is 720 a multiple of 24?
True
Does 2 divide 10805?
False
Is 782 a multiple of 34?
True
Does 100 divide 2500?
True
Does 7 divide 777?
True
Is 44 a factor of 1477?
False
Is 6 a factor of 3307?
False
Is 2 a factor of 11077?
False
Does 89 divide 1702?
False
Is 4 a factor of 2738?
False
Is 50 a factor of 600?
True
Is 24272 a multiple of 148?
True
Does 47 divide 16275?
False
Does 47 divide 235?
True
Does 4 divide 16372?
True
Is 291 a multiple of 3?
True
Is 457 a multiple of 11?
False
Does 92 divide 460?
True
Is 20 a factor of 2140?
True
Is 54 a factor of 7614?
True
Is 22327 a multiple of 83?
True
Does 149 divide 28627?
False
Is 53 a factor of 7738?
True
Is 14608 a multiple of 44?
True
Is 8 a factor of 11712?
True
Is 45 a factor of 765?
True
Is 2976 a multiple of 93?
True
Is 17 a factor of 3570?
True
Does 65 divide 2509?
False
Is 130 a factor of 26910?
True
Is 13 a factor of 1235?
True
Is 26 a factor of 4831?
False
Is 115 a multiple of 41?
False
Does 268 divide 25996?
True
Does 133 divide 83456?
False
Is 2763 a multiple of 8?
False
Is 288 a multiple of 24?
True
Is 2 a factor of 4199?
False
Does 52 divide 4113?
False
Is 10940 a multiple of 117?
False
Does 36 divide 3961?
False
Is 264 a multiple of 33?
True
Is 9740 a multiple of 61?
False
Does 9 divide 22542?
False
Is 831 a multiple of 13?
False
Is 8 a factor of 95?
False
Is 4899 a multiple of 23?
True
Is 120 a multiple of 3?
True
Is 2 a factor of 8847?
False
Is 22 a factor of 263?
False
Is 18 a factor of 141?
False
Is 5136 a multiple of 8?
True
Is 23 a multiple of 7?
False
Does 30 divide 13620?
True
Is 200 a multiple of 25?
True
Does 49 divide 13769?
True
Does 8 divide 13018?
False
Is 34 a factor of 6491?
False
Does 18 divide 1098?
True
Is 16 a factor of 16240?
True
Is 11970 a multiple of 28?
False
Is 19768 a multiple of 56?
True
Is 38 a factor of 456?
True
Does 56 divide 22400?
True
Does 299 divide 82823?
True
Is 19 a factor of 9586?
False
Is 25 a factor of 600?
True
Is 61 a factor of 3838?
False
Is 700 a multiple of 14?
True
Does 16 divide 1952?
True
Is 3350 a multiple of 4?
False
Does 37 divide 10323?
True
Is 33829 a multiple of 3?
False
Does 122 divide 36051?
False
Is 4 a factor of 354?
False
Is 2671 a multiple of 16?
False
Is 1848 a multiple of 28?
True
Is 31 a factor of 589?
True
Is 2687 a multiple of 11?
False
Is 19 a factor of 37620?
True
Does 4 divide 984?
True
Is 132 a factor of 924?
True
Is 106 a multiple of 46?
False
Is 315 a multiple of 45?
True
Does 37 divide 719?
False
Is 814 a multiple of 14?
False
Is 3077 a multiple of 17?
True
Is 17 a factor of 41193?
False
Is 18740 a multiple of 14?
False
Is 85140 a multiple of 60?
True
Is 5 a factor of 6469?
False
Does 19 divide 608?
True
Is 14570 a multiple of 47?
True
Is 33 a factor of 1551?
True
Is 1771 a multiple of 23?
True
Is 47 a factor of 6374?
False
Is 6 a factor of 6001?
False
Is 178 a factor of 45481?
False
Is 2 a factor of 22?
True
Is 20 a factor of 106140?
True
Is 1279 a multiple of 15?
False
Does 13 divide 6474?
True
Does 24 divide 336?
True
Is 168 a multiple of 5?
False
Is 115 a factor of 12420?
True
Is 14338 a multiple of 6?
False
Is 22 a factor of 1276?
True
Is 201 a multiple of 26?
False
Does 38 divide 28717?
False
Is 9 a factor of 1998?
True
Is 840 a multiple of 10?
True
Is 16 a factor of 1824?
True
Is 59 a factor of 2242?
True
Is 264 a multiple of 11?
True
Does 7 divide 315?
True
Is 150 a multiple of 15?
True
Is 5 a factor of 23607?
False
Is 14 a factor of 1176?
True
Is 28 a factor of 476?
True
Does 24 divide 1976?
False
Does 14 divide 26352?
False
Is 1392 a multiple of 19?
False
Does 113 divide 9855?
False
Does 43 divide 4644?
True
Is 13 a factor of 781?
False
Is 75 a factor of 1875?
True
Does 96 divide 16896?
True
Is 624 a multiple of 31?
False
Does 6 divide 1890?
True
Does 31 divide 29804?
False
Does 33 divide 144?
False
Is 15 a factor of 132?
False
Is 1300 a multiple of 20?
True
Is 38 a factor of 798?
True
Does 26 divide 15502?
False
Does 12 divide 7564?
False
Does 27 divide